git of 690?
9
What is the tens digit of 2405?
0
What is the units digit of 41106?
6
What is the thousands digit of 1504?
1
What is the thousands digit of 3781?
3
What is the thousands digit of 1976?
1
What is the units digit of 20335?
5
What is the tens digit of 116882?
8
What is the hundreds digit of 4764?
7
What is the units digit of 1568?
8
What is the hundreds digit of 1361?
3
What is the ten thousands digit of 15520?
1
What is the tens digit of 784?
8
What is the hundreds digit of 66712?
7
What is the units digit of 4244?
4
What is the ten thousands digit of 62335?
6
What is the units digit of 3290?
0
What is the hundreds digit of 39387?
3
What is the units digit of 1538?
8
What is the thousands digit of 4200?
4
What is the hundreds digit of 431?
4
What is the hundreds digit of 42598?
5
What is the tens digit of 8945?
4
What is the units digit of 593?
3
What is the units digit of 12247?
7
What is the thousands digit of 1510?
1
What is the units digit of 5708?
8
What is the tens digit of 540?
4
What is the units digit of 5933?
3
What is the hundreds digit of 137189?
1
What is the tens digit of 9719?
1
What is the tens digit of 1029?
2
What is the hundreds digit of 1523?
5
What is the hundreds digit of 3992?
9
What is the units digit of 50544?
4
What is the tens digit of 7132?
3
What is the units digit of 933?
3
What is the units digit of 86820?
0
What is the hundreds digit of 8525?
5
What is the hundreds digit of 816?
8
What is the hundreds digit of 9893?
8
What is the units digit of 7116?
6
What is the hundreds digit of 118744?
7
What is the tens digit of 40351?
5
What is the thousands digit of 17833?
7
What is the ten thousands digit of 19248?
1
What is the units digit of 14068?
8
What is the units digit of 123?
3
What is the tens digit of 7475?
7
What is the hundreds digit of 6297?
2
What is the tens digit of 14309?
0
What is the tens digit of 1593?
9
What is the hundreds digit of 32722?
7
What is the tens digit of 13152?
5
What is the units digit of 2704?
4
What is the tens digit of 20950?
5
What is the tens digit of 400?
0
What is the ten thousands digit of 14061?
1
What is the hundreds digit of 4041?
0
What is the units digit of 1071?
1
What is the thousands digit of 4143?
4
What is the tens digit of 26935?
3
What is the tens digit of 2254?
5
What is the units digit of 1910?
0
What is the units digit of 171577?
7
What is the units digit of 52?
2
What is the units digit of 34094?
4
What is the hundreds digit of 3356?
3
What is the tens digit of 442?
4
What is the tens digit of 5762?
6
What is the tens digit of 97065?
6
What is the units digit of 2180?
0
What is the thousands digit of 98365?
8
What is the units digit of 3106?
6
What is the hundreds digit of 3388?
3
What is the hundreds digit of 804?
8
What is the hundreds digit of 457?
4
What is the units digit of 146?
6
What is the units digit of 20706?
6
What is the tens digit of 54749?
4
What is the thousands digit of 10307?
0
What is the tens digit of 24831?
3
What is the tens digit of 403?
0
What is the units digit of 145523?
3
What is the thousands digit of 43906?
3
What is the hundreds digit of 207?
2
What is the tens digit of 1059?
5
What is the tens digit of 8944?
4
What is the units digit of 32411?
1
What is the units digit of 20919?
9
What is the tens digit of 1809?
0
What is the tens digit of 535?
3
What is the tens digit of 477?
7
What is the units digit of 523?
3
What is the hundreds digit of 990?
9
What is the units digit of 397?
7
What is the hundreds digit of 1102?
1
What is the ten thousands digit of 15089?
1
What is the thousands digit of 1886?
1
What is the hundreds digit of 8047?
0
What is the tens digit of 2674?
7
What is the units digit of 90?
0
What is the hundreds digit of 982?
9
What is the units digit of 3269?
9
What is the tens digit of 9183?
8
What is the thousands digit of 153823?
3
What is the units digit of 34863?
3
What is the tens digit of 733?
3
What is the tens digit of 13876?
7
What is the tens digit of 2217?
1
What is the tens digit of 826?
2
What is the ten thousands digit of 49544?
4
What is the units digit of 7569?
9
What is the units digit of 2605?
5
What is the hundreds digit of 689?
6
What is the thousands digit of 61788?
1
What is the thousands digit of 3392?
3
What is the ten thousands digit of 35448?
3
What is the hundreds digit of 222?
2
What is the tens digit of 98252?
5
What is the units digit of 3249?
9
What is the thousands digit of 3000?
3
What is the tens digit of 6971?
7
What is the tens digit of 665?
6
What is the thousands digit of 2976?
2
What is the hundreds digit of 14603?
6
What is the units digit of 8026?
6
What is the thousands digit of 1234?
1
What is the tens digit of 121?
2
What is the ten thousands digit of 75006?
7
What is the hundreds digit of 764?
7
What is the ten thousands digit of 27010?
2
What is the ten thousands digit of 29093?
2
What is the hundreds digit of 2833?
8
What is the thousands digit of 1641?
1
What is the ten thousands digit of 40310?
4
What is the tens digit of 4839?
3
What is the units digit of 48345?
5
What is the units digit of 3122?
2
What is the thousands digit of 1742?
1
What is the tens digit of 44590?
9
What is the ten thousands digit of 36366?
3
What is the hundreds digit of 714?
7
What is the hundreds digit of 1823?
8
What is the ten thousands digit of 35234?
3
What is the thousands digit of 6917?
6
What is the tens digit of 5407?
0
What is the tens digit of 57599?
9
What is the units digit of 3925?
5
What is the units digit of 4486?
6
What is the tens digit of 73820?
2
What is the tens digit of 335?
3
What is the hundreds digit of 5802?
8
What is the units digit of 2105?
5
What is the thousands digit of 25855?
5
What is the tens digit of 2714?
1
What is the hundreds digit of 5762?
7
What is the units digit of 145?
5
What is the tens digit of 8161?
6
What is the thousands digit of 42946?
2
What is the tens digit of 2219?
1
What is the hundreds digit of 4244?
2
What is the thousands digit of 1760?
1
What is the ten thousands digit of 18019?
1
What is the hundreds digit of 2119?
1
What is the tens digit of 4124?
2
What is the tens digit of 1452?
5
What is the hundreds digit of 4739?
7
What is the units digit of 1072?
2
What is the ten thousands digit of 13071?
1
What is the units digit of 15528?
8
What is the hundreds digit of 1125?
1
What is the hundreds digit of 25539?
5
What is the units digit of 2559?
9
What is the tens digit of 13176?
7
What is the tens digit of 29115?
1
What is the thousands digit of 28051?
8
What is the thousands digit of 8027?
8
What is the hundreds digit of 4964?
9
What is the ten thousands digit of 20993?
2
What is the thousands digit of 8650?
8
What is the tens digit of 965?
6
What is the units digit of 754?
4
What is the thousands digit of 3851?
3
What is the thousands digit of 7004?
7
What is the hundreds digit of 2853?
8
What is the units digit of 62?
2
What is the hundreds digit of 867?
8
What is the tens digit of 376?
7
What is the hundreds digit of 3341?
3
What is the units digit of 124765?
5
What is the tens digit of 168434?
3
What is the tens digit of 4438?
3
What is the units digit of 4?
4
What is the units digit of 242?
2
What is the hundreds digit of 4914?
9
What is the hundreds digit of 396?
3
What is the tens digit of 496?
9
What is the hundreds digit of 7779?
7
What is the hundreds digit of 2009?
0
What is the hundreds digit of 339?
3
What is the tens digit of 11729?
2
What is the units digit of 684?
4
What is the thousands digit of 26145?
6
What is the thousands digit of 3792?
3
What is the units digit of 5737?
7
What is the units digit of 2052?
2
What is the tens digit of 49?
4
What is the tens digit of 9668?
6
What is the tens digit of 156815?
1
What is the units digit of 19265?
5
What is the units digit of 2035?
5
What is the ten thousands digit of 20155?
2
What is the hundreds digit of 107262?
2
What is the units digit of 3389?
9
What is the units digit of 8687?
7
What is the tens digit of 8963?
6
What is the units digit of 818?
8
What is the hundreds digit of 13970?
9
What is the thousands digit of 1906?
1
What is the thousands digit of 24731?
4
What is the thousands digit of 1667?
1
What is the tens digit of 577?
7
What is the tens digit